4 - -19) + 14 + -2?
9
What is (-30 - 1) + (-373 - -390)?
-14
(-24 - 0) + (20 - 2) + -14
-20
What is -132 + 131 + -8 + 0?
-9
Calculate 0 + (10 - 11) - -4.
3
Evaluate 7 - (15 - (17 + -23)).
-14
Calculate 23 + -32 + -17 + 6.
-20
0 + 16 - (4 + -3) - (-150 - -152)
13
What is -1 - (-28 - -3) - 0?
24
Calculate 3 + (1 - (12 - (0 - -6))) - -2.
0
What is 6 - 22 - -22 - (-4 - -1)?
9
Calculate -2 + 8 + (-38 - -38) + (30 - 62).
-26
8 - -1 - 0 - (-46 - -99 - 64)
20
Evaluate -138 + 141 + -2 + 2 + -2 + -4.
-3
Calculate -4 + (-3 - -11) - (5 - -5 - 9).
3
(15 - 3) + -1 - (45 - 12) - -6
-16
-7 - (13 - (7 + -12) - (-3 + 2))
-26
What is (2 - -1) + (-909 - -880)?
-26
What is the value of -130 + 131 - (-3 - 0 - -29)?
-25
Calculate 0 + 11 + (-18 - -7) + 9 + 0.
9
Evaluate 14 + (-33 - -6) - (1 - 14).
0
-22 + -4 - (-1 - 8 - -1)
-18
What is -6 - -9 - (6 - 10 - (9 - 1))?
15
What is 11 + 7 - (-5 + 3) - 7?
13
Calculate 0 - (-1 - 8) - (-2 + 30) - -9.
-10
Evaluate -270 + 290 + -3 + -1.
16
What is -1 + -2 + -18 - (-7 + -24 + 24)?
-14
What is 71 + -70 + (-1 - (0 + 1 + 1))?
-2
What is the value of (19 - (-7 + 6 - -7)) + -5?
8
What is (17 + -14 - (-1 + 9)) + -29?
-34
Calculate -1 - (3 + -14) - -1.
11
Evaluate -19 - (18 - 51) - 34.
-20
Evaluate 35 + -26 + (-4 - 2) + 3 + -1.
5
What is the value of -2 - 11 - -6 - ((13 - -4) + -9)?
-15
What is 1 + -16 - 4 - -9?
-10
Evaluate -12 - (0 - (-3 + (10 - -3 - 4))).
-6
Evaluate 31 + (-47 - (17 + -47)).
14
(-47 - -21) + 0 - -21
-5
What is the value of -9 - (-11 - (-7 - -16)) - (8 + 1)?
2
What is the value of (-4 - -3) + (6 - -7)?
12
What is 19 + -3 - (-6 - -21)?
1
14 + -21 + 10 + -10
-7
Calculate 9 - ((99 - 86) + (-2 - -8)).
-10
What is the value of 9 - (2 - (-8 - -20))?
19
What is 5 + (1 + -3 - (21 - (11 + -4)))?
-11
What is (24 - 16) + -12 + -2 + 7?
1
4 + 37 + (-53 - -15 - -21)
24
What is the value of 29 + -25 - 4 - 23?
-23
Evaluate 10 - (-12 - (13 + (16 - 21))).
30
14 + (-2 - -2) - (162 - 154)
6
(-5 - -2) + 12 + -7 + (19 - 15)
6
What is the value of -19 + (9 - 22) + 8 + 10?
-14
What is the value of 6 - 0 - (3 - -3) - 7?
-7
Evaluate (35 - 2) + (6 - (7 + 10)) - -1.
23
What is the value of (3 - 1 - (0 - -9)) + 1 + -3?
-9
What is the value of 20 + -49 - (4 + 3 + -5 + -9)?
-22
What is the value of -8 - ((-32 - (-2 + 1)) + 6 + -2)?
19
What is 0 + -2 + -6 + 1763 + -1765?
-10
Evaluate -2 + (-7 - -10) + 3 + 7.
11
Calculate 4 + (-3 - (-14 - -5) - 14).
-4
What is -11 + (-4 - (7 - 7) - -5) - 25?
-35
-17 + 20 + (-13 - 2)
-12
What is 34 - (-16 + 71 + 5)?
-26
(-3 - (77 - 70)) + (13 - 1)
2
Evaluate 0 + 4 + 1 - (14 + -2).
-7
What is 4 + (17 - (19 + -7))?
9
(17 - 4) + -13 - (1 + -5)
4
What is the value of -3 - -21 - (-18 - -17 - -3)?
16
Evaluate 205 + -194 - (9 + -1 + 1 + -1).
3
Calculate -7 + -1 + (-49 - (-37 + -16)).
-4
Evaluate (2 - (11 - (-7 - -7))) + 3 - -18.
12
Evaluate -5 - (-10 + 11 + 4 + -1).
-9
What is 1 + -1 + -7 + -9 + 9 + 19?
12
Evaluate -5 - (-8 + -3 - 6 - (-7 - 0)).
5
156 + -149 - (2 + -17)
22
What is -11 + 11 - (-2 + (10 - 6) + -21)?
19
What is -1 + -17 + 20 - 7 - 7?
-12
4 + (-5 - (0 + -4) - -2)
5
Evaluate 8 - 15 - -12 - 16.
-11
Calculate (-5 - (-1 + (5 - -1) - 3)) + 3.
-4
Evaluate 23 + (1 - (-28 - -38)).
14
What is 0 + 3 + -19 + 16 + 9?
9
-13 - (-2 - (1 + -5))
-15
Evaluate -23 + -2 + -2 - (-7 + -17 + 19).
-22
What is the value of -3 + -1 - (-5 - -6 - (18 - 3))?
10
0 + (5 + -5 + (-6 - -4) - -10)
8
What is -27 + 13 + 7 + 8?
1
What is the value of -12 - (15 + (1 - 9) + (5 - 12))?
-12
Calculate (-61 + 18 - -18) + -2.
-27
What is 14 - 39 - -18 - (-14 - (0 + 1))?
8
Evaluate (-8 - -8) + 8 + -26.
-18
7977 + -7980 - (7 - (0 + 0 - 0))
-10
Evaluate 2 + 7 + 1 - (2 + 14).
-6
Calculate -2 + -17 - (18 + -76 + 44).
-5
What is -19 + (9 + -8 - -4 - -2)?
-12
What is the value of -3 + (-39 + 30 - (-2 - 1)) + -1?
-10
-517 + 508 + -10 + (3 - (1 - -4))
-21
What is 10 + (-2 + 5 - 1 - 3) + 4?
13
Evaluate -4 + (7 - 1) - 12.
-10
What is the value of -41 - (-2 - (64 - 30))?
-5
Calculate (2 - (2 - -10)) + (-5 + 33 - 31).
-13
What is (-46 - -48) + (2 - 18)?
-14
What is the value of (-13 + -2 - (-6 - -9)) + -3 + 9?
-12
What is -19 + 19 + (6 - -17 - 2)?
21
Evaluate (4 + 0 - 4) + (7 + -1 - 4).
2
-19 - (-95 - -99 - (2 + -1) - 3)
-19
7 - (-20 + 18 - (-6 + 2))
5
Evaluate -9 + -1 + -1 - (-5 + -5).
-1
Calculate (-8 - -16 - (1 - -2)) + -10.
-5
Evaluate (27 - (-16 + 37)) + 20.
26
Calculate -34 - (1 + -5 + -4 - 4).
-22
-13 - (-15 - 18) - 6
14
What is (1742 - 1694) + (-1 - 39)?
8
8 + -2 + 4 + -15 + 18
13
What is the value of 12 - 15 - (-3 + -2)?
2
What is 6 + 11 + 6 + -9?
14
What is the value of -5 + 18 + (-10 - (-7 - -6 - 4))?
8
Calculate -2 - (3 - (-1 - 5 - -9)).
-2
Calculate -5 - (0 + -9) - (-1 - 3).
8
-8 + (12 + -19 - (-3 - 7))
-5
Evaluate -1 + -1 + -803 + 824.
19
Calculate -24 + 1 + -11 + -1 + 5.
-30
What is the value of 5 + (-5 - (-15 - -8)) + -17?
-10
Evaluate 8 + -3 - 3 - -4 - (1 - 9).
14
Calculate (13 + 7 - -10) + -24.
6
What is (6 - (0 - -12)) + (17 - 3)?
8
Evaluate 2 + 4 + -6 + (3 + 4 - 0).
7
What is the value of -22 - -7 - (-9 + 11 - 10)?
-7
What is the value of (-5 - (4 + 0)) + -1 + -3?
-13
-2 + (-2 - -3) + (-16 - 13) + 13
-17
What is the value of -8 + 6 + (-5 - -3) + 21?
17
Calculate (0 - -1) + (-8 - (0 + 4 - 16)).
5
Evaluate -5 + (-25 - (12 + (9 - 15)) - -8).
-28
-1 - 7 - -3 - (-1 + (-11 - -16))
-9
Evaluate 2 + 0 - ((-19 - -28) + -5).
-2
Evaluate (2 - (-3 - -1)) + -14.
-10
-6 - (-4 - -5) - (-6 - 8)
7
Calculate (-270 - -291) + -43 + -1.
-23
What is the value of ((0 - -1) + 32 + -27 - 6) + -4?
-4
Calculate 18 + ((14 - 15) + (-1 - 1) - 1).
14
What is the value of -51 + 59 - (35 + 0)?
-27
What is the value of (-9 - (33 + -48 + 6 + 2)) + 3?
1
What is the value of -6 - (2 - 1) - (-4 + 11 + -4)?
-10
What is 13 - 13 - (17 + -17)?
0
What is -2 + (7 - 17 - (-3 - -10) - 0)?
-19
Calculate 4 - (15 - 6) - (8 + 7 - 1).
-19
What is (2 - (-2 - 4 - -7)) + 8?
9
What is the value of (3 - (-15 - -17)) + 6 + -1 - 6?
0
(1 - -5 - 10) + -11 + 14
-1
What is the value of 1 + 8 + (76 - 98) - -38?
25
Calculate 11 + (9 + -14 + 14 - 1).
19
Calculate -1 - (-27 - (19 - 32)).
13
Calculate 97 + -78 - (3 + 12 + -1).
5
-1 - 13 - (-58 - -34)
10
Calculate -2 - ((-31 - -39) + 1 + -1).
-10
Calculate 17 - 9 - (1 - 2).
9
(-9 - (-38 - -25)) + -5
-1
Evaluate -39 + 22 + -3 + 22 + -9.
-7
Evaluate 12 - (-2 - -3 - (7 + 0 + -10)).
8
What is the value of (-3 - -5) + (-12 - -3 - -3)?
-4
What is the value of 5 + 8 + (8 - (6 + 4)) + 5?
16
What is the value of 740 + -754 - (0 - 28)?
14
Evaluate -3 - 0 - (-178 + 197).
-22
What is -10 - (-2 + 2 + 16 - (70 - 61))?
-17
(4 - 2) + -6 + -114 + 119 - 4
-3
What is 0 + -1 + -1 - ((-11 - 5) + 11)?
3
-21 + 9 - (-3 - -1) - -9
-1
-5 + 40 - 55 - -43
23
Calculate 6 - (-2 + -4 + -4 + 13).
3
What is (-6 - -11 - -24) + -17?
12
0 + -1 + -40 + 26 + -1 + 2
-14
Calculate -13 + 11 + 9 - (24 + -4).
-13
What is the value of (10 - 5 - 21) + 10?
-6
(-1 - 14) + (1 - (9 - (-1 + 9)))
-15
What is the value of 13 - (19 + (-15 - (11 + -32)))?
-12
What is (24 - 22) + 1 + (10 - 1)?
12
Evaluate 1 - 1 - (-201 + 178).
23
Calculate -7 + 23 + 4 + -10.
10
Evaluate -4 - (1 - 9) - (-1 - 18).
23
What is the value of (2 + 0 - 1) + 1 - (-5 - 2)?
9
What is -51 - ((2 + 13 - 40) + 10)?
-36
What is 11 + -11 + (-7 - (2 - 0))?
-9
78 + -81 + (1 - (-6 - -3)) + -2
-1
What is the value of -8 + 0 + (31 - (-41 - -61))?
3
Calculate -12 + 2 + -6 + 10 - -5.
-1
Evaluate -12 + 17 - (-2 + -2 + (2 - -5)).
2
Calculate -1 + -3 - (-1299 + 1285).
10
Calculate 27 + (-12 - ((-11 - -2) + 6)).
18
What is the value of (-2 - -5) + (14 - (12 + -23 - -25))?
3
Evaluate 3 + -11 - 0 - -5.
-3
Evaluate -35 - (-15 + -27 + 18).
-11
What is the value of (11 - (3 + 0)) + (-31 - -31) + -12?
-4
What is 2 - (((-2 - -6) + -13 - 5) + 1)?
15
What is the value of 2 - (-28 + 27 - (0 + -2) - -10)?
-9
Evaluate -5 + 0 - (-59 + -3 + 40).
17
What is the value of -2 - (1 + (-3 + 7 - -3))?
-10
What is 0 + -2 + 2 + -7 + 3?
-4
What is -1 + 18 + 13 + -27 + 1?
4
Evaluate (-2 + 5 + -3 - 0) + 2.
2
4 + 0 + 2 + -7 + 6
5
(41 + -65 - -10) + -12
-26
What is the value of (6 - 7 - -28) + 40 + -51?
16
Calculate 3 - 5 - 1 - (1 + 15).
-19
Calculate -16 + -7 - (3 - 14).
-12
Calculate -19 - -12 - (0 + (0 - (1 + -3))).
-9
What is the value of (-4 - (-6 + 6)) + 2 - 8?
-10
Evaluate 21 - 3